e number?
False
Is 1395367 prime?
True
Is 2099 composite?
False
Is 687451 prime?
False
Is 101857 composite?
True
Is 26449 a prime number?
True
Is 31483 prime?
False
Is 664571 a composite number?
False
Is 259793 a prime number?
False
Is 27883 a prime number?
True
Is 461143 a prime number?
True
Is 3377 a prime number?
False
Is 2096129 prime?
False
Is 7401 a composite number?
True
Is 806251 a prime number?
False
Is 165749 prime?
True
Is 15559 prime?
True
Is 38705 a composite number?
True
Is 2236069 a prime number?
False
Is 3023959 prime?
True
Is 53473 prime?
False
Is 69754 prime?
False
Is 1466 a prime number?
False
Is 16603 a prime number?
True
Is 2767 a prime number?
True
Is 106813 prime?
False
Is 643953 a prime number?
False
Is 1994437 a composite number?
False
Is 89 composite?
False
Is 12271 a composite number?
True
Is 2772991 a prime number?
False
Is 985519 a prime number?
True
Is 23719 composite?
False
Is 5179 a composite number?
False
Is 12661 composite?
True
Is 478505 a prime number?
False
Is 20686 a composite number?
True
Is 55733 prime?
True
Is 4127 a composite number?
False
Is 2609 prime?
True
Is 14867 a composite number?
False
Is 20803 prime?
False
Is 24369 composite?
True
Is 120313 a composite number?
True
Is 12531 a composite number?
True
Is 111847 a composite number?
False
Is 2939 prime?
True
Is 4309 composite?
True
Is 35353 a prime number?
True
Is 2374313 prime?
False
Is 1377601 a composite number?
False
Is 23719 a composite number?
False
Is 89729 prime?
False
Is 281419 prime?
True
Is 5923 a composite number?
False
Is 2459 a composite number?
False
Is 68537 composite?
True
Is 821 prime?
True
Is 249127 a prime number?
True
Is 2128241 a prime number?
True
Is 347 a prime number?
True
Is 3047 a prime number?
False
Is 8923 prime?
True
Is 381 prime?
False
Is 39749 prime?
True
Is 362477 a prime number?
False
Is 22251 a composite number?
True
Is 12767 composite?
True
Is 12317 a prime number?
False
Is 4507 prime?
True
Is 18811 a composite number?
True
Is 168527 prime?
True
Is 238054 prime?
False
Is 3810577 prime?
True
Is 25073 prime?
True
Is 10637 a prime number?
False
Is 33805 a composite number?
True
Is 691 a composite number?
False
Is 186551 composite?
False
Is 37463 composite?
False
Is 320209 a prime number?
True
Is 1616161 a composite number?
False
Is 139835 prime?
False
Is 18623 prime?
False
Is 868691 a composite number?
False
Is 29759 a prime number?
True
Is 2657 composite?
False
Is 66403 a composite number?
False
Is 4955 prime?
False
Is 649 a prime number?
False
Is 71971 prime?
True
Is 221281 prime?
True
Is 10847 a composite number?
False
Is 477861 a prime number?
False
Is 12055 a composite number?
True
Is 16411 a prime number?
True
Is 141859 composite?
True
Is 3989 a prime number?
True
Is 371311 a prime number?
True
Is 2818 a composite number?
True
Is 170423 prime?
False
Is 467977 a prime number?
True
Is 305581 a prime number?
True
Is 81799 prime?
True
Is 70529 prime?
True
Is 4399 a composite number?
True
Is 44189 a composite number?
False
Is 3787 prime?
False
Is 7241 prime?
False
Is 307 prime?
True
Is 6739 a composite number?
True
Is 2491 a composite number?
True
Is 1351183 a prime number?
True
Is 397231 composite?
True
Is 597527 prime?
False
Is 12759 composite?
True
Is 1420591 composite?
True
Is 54737 a composite number?
True
Is 147623 prime?
False
Is 17771 composite?
True
Is 296319 a composite number?
True
Is 50701 prime?
False
Is 773117 prime?
True
Is 203 a composite number?
True
Is 334877 a prime number?
True
Is 224209 a prime number?
True
Is 19151 a prime number?
False
Is 10781 a composite number?
False
Is 60485 prime?
False
Is 4303 a prime number?
False
Is 479737 a composite number?
True
Is 679 a composite number?
True
Is 16441 a composite number?
True
Is 831 composite?
True
Is 1081623 composite?
True
Is 79603 a composite number?
True
Is 54022 prime?
False
Is 24085 composite?
True
Is 3008981 a prime number?
True
Is 1118335 prime?
False
Is 62431 a composite number?
True
Is 2271 composite?
True
Is 32593 prime?
False
Is 381371 composite?
False
Is 2076611 composite?
False
Is 7621 a prime number?
True
Is 274489 a composite number?
False
Is 60181 prime?
False
Is 77537 a prime number?
False
Is 13031 a prime number?
False
Is 261959 prime?
True
Is 365437 a prime number?
False
Is 17621 a composite number?
True
Is 25819 a composite number?
False
Is 154909 a composite number?
True
Is 15661 a composite number?
False
Is 372629 composite?
False
Is 130415 composite?
True
Is 41777 a prime number?
True
Is 19699 a composite number?
False
Is 9383 a composite number?
True
Is 43997 a prime number?
True
Is 2833 prime?
True
Is 179815 prime?
False
Is 21709 a composite number?
True
Is 28151 a composite number?
False
Is 61989 prime?
False
Is 18429 a prime number?
False
Is 1462139 a composite number?
True
Is 36291 prime?
False
Is 339973 a prime number?
False
Is 68669 a prime number?
True
Is 525353 a prime number?
True
Is 39535 prime?
False
Is 513239 a prime number?
True
Is 1008131 a prime number?
True
Is 1558961 composite?
True
Is 55193 a prime number?
False
Is 486899 prime?
False
Is 337999 composite?
False
Is 511991 composite?
False
Is 34429 prime?
True
Is 6737 a composite number?
False
Is 123587 prime?
False
Is 67121 prime?
True
Is 1485511 a prime number?
False
Is 229499 composite?
False
Is 22319 composite?
True
Is 341137 a composite number?
True
Is 10627 prime?
True
Is 193711 composite?
True
Is 45151 a prime number?
False
Is 196033 a prime number?
True
Is 10771 a prime number?
True
Is 150767 a prime number?
True
Is 889 composite?
True
Is 55921 composite?
False
Is 69503 a composite number?
True
Is 114713 a composite number?
False
Is 414311 a prime number?
True
Is 105337 composite?
False
Is 278329 prime?
True
Is 53917 a prime number?
True
Is 65519 a composite number?
False
Is 338203 composite?
False
Is 432049 composite?
True
Is 129697 prime?
False
Is 310333 prime?
True
Is 186059 a prime number?
False
Is 168323 a prime number?
True
Is 1657 prime?
True
Is 107741 a prime number?
True
Is 135319 a prime number?
True
Is 424139 a prime number?
True
Is 804665 a composite number?
True
Is 250963 a prime number?
True
Is 9491 prime?
True
Is 2583547 a composite number?
False
Is 30691 a composite number?
True
Is 14129 a composite number?
True
Is 1282 a composite number?
True
Is 32933 composite?
False
Is 9385 a composite number?
True
Is 148453 composite?
True
Is 31357 a prime number?
True
Is 197399 prime?
False
Is 6 a prime number?
False
Is 8791 prime?
False
Is 51941 a composite number?
False
Is 46049 prime?
True
Is 954527 prime?
False
Is 523597 a prime number?
True
Is 253501 a composite number?
False
Is 588193 prime?
False
Is 1070317 prime?
True
Is 751217 a composite number?
False
Is 96139 a prime number?
False
Is 97 a composite number?
False
Is 37151 a composite number?
True
Is 24785 a composite number?
True
Is 28862 composite?
True
Is 47327 a composite number?
True
Is 3833 prime?
True
Is 11311 a prime number?
True
Is 6383 a prime number?
False
Is 1109 a composite number?
False
Is 19367 a prime number?
False
Is 34285 prime?
False
Is 336761 prime?
True
Is 41066 a composite number?
True
Is 81119 composite?
False
Is 389627 a composite number?
True
Is 2772845 a prime number?
False
Is 616171 prime?
True
Is 28843 a composite number?
False
Is 16183 a prime number?
True
Is 777541 prime?
True
Is 31379 composite?
False
Is 257731 a prime number?
True
Is 9371 composite?
False
Is 530423 prime?
False
Is 58889 a composite number?
False
Is 9643 prime?
True
Is 152245 a prime number?
False
Is 1264411 composite?
False
Is 1534451 a prime number?
True
Is 33 prime?
False
Is 455183 a composite number?
True
Is 31285 composite?
True
Is 208721 prime?
True
Is 983 prime?
True
Is 22613 a composite number?
False
Is 1654 a prime number?
False
Is 729451 prime?
True
Is 3293 composite?
True
Is 105649 composite?
False
Is 42934 prime?
False
Is 13323 a composite number?
True
Is 275503 prime?
True
Is 289909 a composite number?
True
Is 44977 a prime number?
False
Is 1549869 a prime number?
False
Is 966799 a composite number?
True
Is 2099 a composite number?
False
Is 731843 a composite number?
True
Is 15653 a prime number?
False
Is 308383 a composite number?
False
Is 181273 a prime number?
True
Is 